{"id":694,"date":"2019-10-21T18:36:50","date_gmt":"2019-10-21T16:36:50","guid":{"rendered":"https:\/\/www.grupoargraf.com\/project\/pedra-da-auga-albarino\/"},"modified":"2025-09-02T09:52:05","modified_gmt":"2025-09-02T07:52:05","slug":"pedra-da-auga-albarino","status":"publish","type":"dt_portfolio","link":"https:\/\/www.grupoargraf.com\/fr\/projet\/pedra-da-auga-albarino\/","title":{"rendered":"Pedra da Auga Albari\u00f1o"},"content":{"rendered":"<div class=\"wpb-content-wrapper\"><p>[vc_row][vc_column][vc_row_inner][vc_column_inner width=\u00a0\u00bb1\/4&Prime;][\/vc_column_inner][vc_column_inner width=\u00a0\u00bb1\/2&Prime;][vc_column_text]<\/p>\n<h1 style=\"text-align: center;\">Pedra da Auga Albari\u00f1o<\/h1>\n<p style=\"text-align: center;\">Impresi\u00f3n de etiqueta Pedra da Auga albari\u00f1o para Bodegas Gallegas. Impresi\u00f3n sobre papel alto brillo con barniz siliconado, barniz relieve serigrafiado y serigraf\u00eda glitter.<\/p>\n<p>[\/vc_column_text][\/vc_column_inner][vc_column_inner width=\u00a0\u00bb1\/4&Prime;][\/vc_column_inner][\/vc_row_inner][\/vc_column][\/vc_row][vc_row][vc_column][vc_single_image image=\u00a0\u00bb696&Prime; img_size=\u00a0\u00bbfull\u00a0\u00bb alignment=\u00a0\u00bbcenter\u00a0\u00bb][\/vc_column][\/vc_row][vc_row][vc_column][vc_single_image image=\u00a0\u00bb695&Prime; img_size=\u00a0\u00bbfull\u00a0\u00bb alignment=\u00a0\u00bbcenter\u00a0\u00bb][\/vc_column][\/vc_row]<\/p>\n<\/div>","protected":false},"excerpt":{"rendered":"<p>[vc_row][vc_column][vc_row_inner][vc_column_inner width=\u00a0\u00bb1\/4&Prime;][\/vc_column_inner][vc_column_inner width=\u00a0\u00bb1\/2&Prime;][vc_column_text] Pedra da Auga Albari\u00f1o Impresi\u00f3n de etiqueta Pedra da Auga albari\u00f1o para Bodegas Gallegas. Impresi\u00f3n sobre papel alto brillo con barniz siliconado, barniz relieve serigrafiado y serigraf\u00eda glitter. [\/vc_column_text][\/vc_column_inner][vc_column_inner width=\u00a0\u00bb1\/4&Prime;][\/vc_column_inner][\/vc_row_inner][\/vc_column][\/vc_row][vc_row][vc_column][vc_single_image image=\u00a0\u00bb696&Prime; img_size=\u00a0\u00bbfull\u00a0\u00bb alignment=\u00a0\u00bbcenter\u00a0\u00bb][\/vc_column][\/vc_row][vc_row][vc_column][vc_single_image image=\u00a0\u00bb695&Prime; img_size=\u00a0\u00bbfull\u00a0\u00bb alignment=\u00a0\u00bbcenter\u00a0\u00bb][\/vc_column][\/vc_row]<\/p>\n","protected":false},"author":2,"featured_media":696,"comment_status":"closed","ping_status":"closed","template":"","dt_portfolio_category":[24,34],"dt_portfolio_tags":[],"yst_prominent_words":[],"class_list":["post-694","dt_portfolio","type-dt_portfolio","status-publish","has-post-thumbnail","hentry","dt_portfolio_category-quadrichromie","dt_portfolio_category-relief-serigraphique","dt_portfolio_category-24","dt_portfolio_category-34","description-off"],"acf":[],"_links":{"self":[{"href":"https:\/\/www.grupoargraf.com\/fr\/wp-json\/wp\/v2\/dt_portfolio\/694","targetHints":{"allow":["GET"]}}],"collection":[{"href":"https:\/\/www.grupoargraf.com\/fr\/wp-json\/wp\/v2\/dt_portfolio"}],"about":[{"href":"https:\/\/www.grupoargraf.com\/fr\/wp-json\/wp\/v2\/types\/dt_portfolio"}],"author":[{"embeddable":true,"href":"https:\/\/www.grupoargraf.com\/fr\/wp-json\/wp\/v2\/users\/2"}],"replies":[{"embeddable":true,"href":"https:\/\/www.grupoargraf.com\/fr\/wp-json\/wp\/v2\/comments?post=694"}],"version-history":[{"count":1,"href":"https:\/\/www.grupoargraf.com\/fr\/wp-json\/wp\/v2\/dt_portfolio\/694\/revisions"}],"predecessor-version":[{"id":9100,"href":"https:\/\/www.grupoargraf.com\/fr\/wp-json\/wp\/v2\/dt_portfolio\/694\/revisions\/9100"}],"wp:featuredmedia":[{"embeddable":true,"href":"https:\/\/www.grupoargraf.com\/fr\/wp-json\/wp\/v2\/media\/696"}],"wp:attachment":[{"href":"https:\/\/www.grupoargraf.com\/fr\/wp-json\/wp\/v2\/media?parent=694"}],"wp:term":[{"taxonomy":"dt_portfolio_category","embeddable":true,"href":"https:\/\/www.grupoargraf.com\/fr\/wp-json\/wp\/v2\/dt_portfolio_category?post=694"},{"taxonomy":"dt_portfolio_tags","embeddable":true,"href":"https:\/\/www.grupoargraf.com\/fr\/wp-json\/wp\/v2\/dt_portfolio_tags?post=694"},{"taxonomy":"yst_prominent_words","embeddable":true,"href":"https:\/\/www.grupoargraf.com\/fr\/wp-json\/wp\/v2\/yst_prominent_words?post=694"}],"curies":[{"name":"wp","href":"https:\/\/api.w.org\/{rel}","templated":true}]}}

Pedra da Auga Albariño

<div class="wpb-content-wrapper"><p>[vc_row][vc_column][vc_row_inner][vc_column_inner width= »1/4&Prime;][/vc_column_inner][vc_column_inner width= »1/2&Prime;][vc_column_text]</p>
<h1 style="text-align: center;">Pedra da Auga Albariño</h1>
<p style="text-align: center;">Impresión de etiqueta Pedra da Auga albariño para Bodegas Gallegas. Impresión sobre papel alto brillo con barniz siliconado, barniz relieve serigrafiado y serigrafía glitter.</p>
<p>[/vc_column_text][/vc_column_inner][vc_column_inner width= »1/4&Prime;][/vc_column_inner][/vc_row_inner][/vc_column][/vc_row][vc_row][vc_column][vc_single_image image= »696&Prime; img_size= »full » alignment= »center »][/vc_column][/vc_row][vc_row][vc_column][vc_single_image image= »695&Prime; img_size= »full » alignment= »center »][/vc_column][/vc_row]</p>
</div>

<p>[vc_row][vc_column][vc_row_inner][vc_column_inner width= »1/4&Prime;][/vc_column_inner][vc_column_inner width= »1/2&Prime;][vc_column_text] Pedra da Auga Albariño Impresión de etiqueta Pedra da Auga albariño para Bodegas Gallegas. Impresión sobre papel alto brillo con barniz siliconado, barniz relieve serigrafiado y serigrafía glitter. [/vc_column_text][/vc_column_inner][vc_column_inner width= »1/4&Prime;][/vc_column_inner][/vc_row_inner][/vc_column][/vc_row][vc_row][vc_column][vc_single_image image= »696&Prime; img_size= »full » alignment= »center »][/vc_column][/vc_row][vc_row][vc_column][vc_single_image image= »695&Prime; img_size= »full » alignment= »center »][/vc_column][/vc_row]</p>
