{"id":3123,"date":"2022-03-08T10:44:26","date_gmt":"2022-03-08T09:44:26","guid":{"rendered":"https:\/\/www.grupoargraf.com\/?post_type=dt_portfolio&#038;p=3123"},"modified":"2022-03-08T10:53:01","modified_gmt":"2022-03-08T09:53:01","slug":"vinedos-de-altura-de-bodegas-ramon-bilbao","status":"publish","type":"dt_portfolio","link":"https:\/\/www.grupoargraf.com\/fr\/projet\/vinedos-de-altura-de-bodegas-ramon-bilbao\/","title":{"rendered":"\u2018Vi\u00f1edos de Altura\u2019 de Bodegas Ram\u00f3n Bilbao"},"content":{"rendered":"<div class=\"wpb-content-wrapper\"><p>[vc_row][vc_column][vc_row_inner][vc_column_inner width=\u00a0\u00bb1\/4&Prime;][\/vc_column_inner][vc_column_inner width=\u00a0\u00bb1\/2&Prime;][vc_column_text]<\/p>\n<h1 style=\"text-align: center;\">\u2018Vi\u00f1edos de Altura\u2019 de Bodegas Ram\u00f3n Bilbao<\/h1>\n<p style=\"text-align: center;\">Technique : S\u00e9rigraphie + estampage blanc + estampage argent\u00e9 sur papier blanc imperm\u00e9able.<\/p>\n<p>[\/vc_column_text][\/vc_column_inner][vc_column_inner width=\u00a0\u00bb1\/4&Prime;][\/vc_column_inner][\/vc_row_inner][\/vc_column][\/vc_row][vc_row][vc_column][vc_single_image image=\u00a0\u00bb3121&Prime; img_size=\u00a0\u00bbfull\u00a0\u00bb alignment=\u00a0\u00bbcenter\u00a0\u00bb][\/vc_column][\/vc_row]<\/p>\n<\/div>","protected":false},"excerpt":{"rendered":"<p>[vc_row][vc_column][vc_row_inner][vc_column_inner width=\u00a0\u00bb1\/4&Prime;][\/vc_column_inner][vc_column_inner width=\u00a0\u00bb1\/2&Prime;][vc_column_text] \u2018Vi\u00f1edos de Altura\u2019 de Bodegas Ram\u00f3n Bilbao Technique : S\u00e9rigraphie + estampage blanc + estampage argent\u00e9 sur papier blanc imperm\u00e9able. [\/vc_column_text][\/vc_column_inner][vc_column_inner width=\u00a0\u00bb1\/4&Prime;][\/vc_column_inner][\/vc_row_inner][\/vc_column][\/vc_row][vc_row][vc_column][vc_single_image image=\u00a0\u00bb3121&Prime; img_size=\u00a0\u00bbfull\u00a0\u00bb alignment=\u00a0\u00bbcenter\u00a0\u00bb][\/vc_column][\/vc_row]<\/p>\n","protected":false},"author":2,"featured_media":3121,"comment_status":"closed","ping_status":"closed","template":"","dt_portfolio_category":[342,36],"dt_portfolio_tags":[],"yst_prominent_words":[],"class_list":["post-3123","dt_portfolio","type-dt_portfolio","status-publish","has-post-thumbnail","hentry","dt_portfolio_category-estampacion","dt_portfolio_category-serigraphie","dt_portfolio_category-342","dt_portfolio_category-36","description-off"],"acf":[],"_links":{"self":[{"href":"https:\/\/www.grupoargraf.com\/fr\/wp-json\/wp\/v2\/dt_portfolio\/3123","targetHints":{"allow":["GET"]}}],"collection":[{"href":"https:\/\/www.grupoargraf.com\/fr\/wp-json\/wp\/v2\/dt_portfolio"}],"about":[{"href":"https:\/\/www.grupoargraf.com\/fr\/wp-json\/wp\/v2\/types\/dt_portfolio"}],"author":[{"embeddable":true,"href":"https:\/\/www.grupoargraf.com\/fr\/wp-json\/wp\/v2\/users\/2"}],"replies":[{"embeddable":true,"href":"https:\/\/www.grupoargraf.com\/fr\/wp-json\/wp\/v2\/comments?post=3123"}],"version-history":[{"count":0,"href":"https:\/\/www.grupoargraf.com\/fr\/wp-json\/wp\/v2\/dt_portfolio\/3123\/revisions"}],"wp:featuredmedia":[{"embeddable":true,"href":"https:\/\/www.grupoargraf.com\/fr\/wp-json\/wp\/v2\/media\/3121"}],"wp:attachment":[{"href":"https:\/\/www.grupoargraf.com\/fr\/wp-json\/wp\/v2\/media?parent=3123"}],"wp:term":[{"taxonomy":"dt_portfolio_category","embeddable":true,"href":"https:\/\/www.grupoargraf.com\/fr\/wp-json\/wp\/v2\/dt_portfolio_category?post=3123"},{"taxonomy":"dt_portfolio_tags","embeddable":true,"href":"https:\/\/www.grupoargraf.com\/fr\/wp-json\/wp\/v2\/dt_portfolio_tags?post=3123"},{"taxonomy":"yst_prominent_words","embeddable":true,"href":"https:\/\/www.grupoargraf.com\/fr\/wp-json\/wp\/v2\/yst_prominent_words?post=3123"}],"curies":[{"name":"wp","href":"https:\/\/api.w.org\/{rel}","templated":true}]}}

‘Viñedos de Altura’ de Bodegas Ramón Bilbao

<div class="wpb-content-wrapper"><p>[vc_row][vc_column][vc_row_inner][vc_column_inner width= »1/4&Prime;][/vc_column_inner][vc_column_inner width= »1/2&Prime;][vc_column_text]</p>
<h1 style="text-align: center;">‘Viñedos de Altura’ de Bodegas Ramón Bilbao</h1>
<p style="text-align: center;">Technique : Sérigraphie + estampage blanc + estampage argenté sur papier blanc imperméable.</p>
<p>[/vc_column_text][/vc_column_inner][vc_column_inner width= »1/4&Prime;][/vc_column_inner][/vc_row_inner][/vc_column][/vc_row][vc_row][vc_column][vc_single_image image= »3121&Prime; img_size= »full » alignment= »center »][/vc_column][/vc_row]</p>
</div>

<p>[vc_row][vc_column][vc_row_inner][vc_column_inner width= »1/4&Prime;][/vc_column_inner][vc_column_inner width= »1/2&Prime;][vc_column_text] ‘Viñedos de Altura’ de Bodegas Ramón Bilbao Technique : Sérigraphie + estampage blanc + estampage argenté sur papier blanc imperméable. [/vc_column_text][/vc_column_inner][vc_column_inner width= »1/4&Prime;][/vc_column_inner][/vc_row_inner][/vc_column][/vc_row][vc_row][vc_column][vc_single_image image= »3121&Prime; img_size= »full » alignment= »center »][/vc_column][/vc_row]</p>
