{"id":2917,"date":"2022-02-25T16:32:14","date_gmt":"2022-02-25T15:32:14","guid":{"rendered":"https:\/\/www.grupoargraf.com\/project\/anzil\/"},"modified":"2022-02-25T16:35:22","modified_gmt":"2022-02-25T15:35:22","slug":"anzil","status":"publish","type":"dt_portfolio","link":"https:\/\/www.grupoargraf.com\/fr\/projet\/anzil\/","title":{"rendered":"Anzil"},"content":{"rendered":"<div class=\"wpb-content-wrapper\"><p>[vc_row][vc_column][vc_row_inner][vc_column_inner width=\u00a0\u00bb1\/4&Prime;][\/vc_column_inner][vc_column_inner width=\u00a0\u00bb1\/2&Prime;][vc_column_text]<\/p>\n<h1 style=\"text-align: center;\">Anzil<\/h1>\n<p style=\"text-align: center;\">Anzil par Bodegas y Vi\u00f1edos Entrecanales Domecq e Hijos<br \/>\nTechnique : cuivre estamp\u00e9+vernis s\u00e9rigraphique en relief sur papier Artisa Plus<br \/>\nConception par Estudio Pablo Guerrero<\/p>\n<p>[\/vc_column_text][\/vc_column_inner][vc_column_inner width=\u00a0\u00bb1\/4&Prime;][\/vc_column_inner][\/vc_row_inner][\/vc_column][\/vc_row][vc_row][vc_column][vc_single_image image=\u00a0\u00bb2914&Prime; img_size=\u00a0\u00bbfull\u00a0\u00bb alignment=\u00a0\u00bbcenter\u00a0\u00bb][\/vc_column][\/vc_row]<\/p>\n<\/div>","protected":false},"excerpt":{"rendered":"<p>[vc_row][vc_column][vc_row_inner][vc_column_inner width=\u00a0\u00bb1\/4&Prime;][\/vc_column_inner][vc_column_inner width=\u00a0\u00bb1\/2&Prime;][vc_column_text] Anzil Anzil par Bodegas y Vi\u00f1edos Entrecanales Domecq e Hijos Technique : cuivre estamp\u00e9+vernis s\u00e9rigraphique en relief sur papier Artisa Plus Conception par Estudio Pablo Guerrero [\/vc_column_text][\/vc_column_inner][vc_column_inner width=\u00a0\u00bb1\/4&Prime;][\/vc_column_inner][\/vc_row_inner][\/vc_column][\/vc_row][vc_row][vc_column][vc_single_image image=\u00a0\u00bb2914&Prime; img_size=\u00a0\u00bbfull\u00a0\u00bb alignment=\u00a0\u00bbcenter\u00a0\u00bb][\/vc_column][\/vc_row]<\/p>\n","protected":false},"author":2,"featured_media":2914,"comment_status":"closed","ping_status":"closed","template":"","dt_portfolio_category":[342,34,22],"dt_portfolio_tags":[],"yst_prominent_words":[],"class_list":["post-2917","dt_portfolio","type-dt_portfolio","status-publish","has-post-thumbnail","hentry","dt_portfolio_category-estampacion","dt_portfolio_category-relief-serigraphique","dt_portfolio_category-vernis-selectif","dt_portfolio_category-342","dt_portfolio_category-34","dt_portfolio_category-22","description-off"],"acf":[],"_links":{"self":[{"href":"https:\/\/www.grupoargraf.com\/fr\/wp-json\/wp\/v2\/dt_portfolio\/2917","targetHints":{"allow":["GET"]}}],"collection":[{"href":"https:\/\/www.grupoargraf.com\/fr\/wp-json\/wp\/v2\/dt_portfolio"}],"about":[{"href":"https:\/\/www.grupoargraf.com\/fr\/wp-json\/wp\/v2\/types\/dt_portfolio"}],"author":[{"embeddable":true,"href":"https:\/\/www.grupoargraf.com\/fr\/wp-json\/wp\/v2\/users\/2"}],"replies":[{"embeddable":true,"href":"https:\/\/www.grupoargraf.com\/fr\/wp-json\/wp\/v2\/comments?post=2917"}],"version-history":[{"count":0,"href":"https:\/\/www.grupoargraf.com\/fr\/wp-json\/wp\/v2\/dt_portfolio\/2917\/revisions"}],"wp:featuredmedia":[{"embeddable":true,"href":"https:\/\/www.grupoargraf.com\/fr\/wp-json\/wp\/v2\/media\/2914"}],"wp:attachment":[{"href":"https:\/\/www.grupoargraf.com\/fr\/wp-json\/wp\/v2\/media?parent=2917"}],"wp:term":[{"taxonomy":"dt_portfolio_category","embeddable":true,"href":"https:\/\/www.grupoargraf.com\/fr\/wp-json\/wp\/v2\/dt_portfolio_category?post=2917"},{"taxonomy":"dt_portfolio_tags","embeddable":true,"href":"https:\/\/www.grupoargraf.com\/fr\/wp-json\/wp\/v2\/dt_portfolio_tags?post=2917"},{"taxonomy":"yst_prominent_words","embeddable":true,"href":"https:\/\/www.grupoargraf.com\/fr\/wp-json\/wp\/v2\/yst_prominent_words?post=2917"}],"curies":[{"name":"wp","href":"https:\/\/api.w.org\/{rel}","templated":true}]}}

<div class="wpb-content-wrapper"><p>[vc_row][vc_column][vc_row_inner][vc_column_inner width= »1/4&Prime;][/vc_column_inner][vc_column_inner width= »1/2&Prime;][vc_column_text]</p>
<h1 style="text-align: center;">Anzil</h1>
<p style="text-align: center;">Anzil par Bodegas y Viñedos Entrecanales Domecq e Hijos<br />
Technique : cuivre estampé+vernis sérigraphique en relief sur papier Artisa Plus<br />
Conception par Estudio Pablo Guerrero</p>
<p>[/vc_column_text][/vc_column_inner][vc_column_inner width= »1/4&Prime;][/vc_column_inner][/vc_row_inner][/vc_column][/vc_row][vc_row][vc_column][vc_single_image image= »2914&Prime; img_size= »full » alignment= »center »][/vc_column][/vc_row]</p>
</div>

<p>[vc_row][vc_column][vc_row_inner][vc_column_inner width= »1/4&Prime;][/vc_column_inner][vc_column_inner width= »1/2&Prime;][vc_column_text] Anzil Anzil par Bodegas y Viñedos Entrecanales Domecq e Hijos Technique : cuivre estampé+vernis sérigraphique en relief sur papier Artisa Plus Conception par Estudio Pablo Guerrero [/vc_column_text][/vc_column_inner][vc_column_inner width= »1/4&Prime;][/vc_column_inner][/vc_row_inner][/vc_column][/vc_row][vc_row][vc_column][vc_single_image image= »2914&Prime; img_size= »full » alignment= »center »][/vc_column][/vc_row]</p>
