{"id":2873,"date":"2022-02-22T16:45:44","date_gmt":"2022-02-22T15:45:44","guid":{"rendered":"https:\/\/www.grupoargraf.com\/project\/con-un-par\/"},"modified":"2022-02-22T16:50:55","modified_gmt":"2022-02-22T15:50:55","slug":"con-un-par","status":"publish","type":"dt_portfolio","link":"https:\/\/www.grupoargraf.com\/fr\/projet\/con-un-par\/","title":{"rendered":"Con un par"},"content":{"rendered":"<div class=\"wpb-content-wrapper\"><p>[vc_row][vc_column][vc_row_inner][vc_column_inner width=\u00a0\u00bb1\/4&Prime;][\/vc_column_inner][vc_column_inner width=\u00a0\u00bb1\/2&Prime;][vc_column_text]<\/p>\n<h1 style=\"text-align: center;\">Con un par<\/h1>\n<p style=\"text-align: center;\">Con un par de Bodegas Gand\u00eda<\/p>\n<p style=\"text-align: center;\">Technique : s\u00e9rigraphie au vernis gaufr\u00e9 sur papier mat de neige<\/p>\n<p>[\/vc_column_text][\/vc_column_inner][vc_column_inner width=\u00a0\u00bb1\/4&Prime;][\/vc_column_inner][\/vc_row_inner][\/vc_column][\/vc_row][vc_row][vc_column][vc_single_image image=\u00a0\u00bb2870&Prime; img_size=\u00a0\u00bbfull\u00a0\u00bb alignment=\u00a0\u00bbcenter\u00a0\u00bb][\/vc_column][\/vc_row]<\/p>\n<\/div>","protected":false},"excerpt":{"rendered":"<p>[vc_row][vc_column][vc_row_inner][vc_column_inner width=\u00a0\u00bb1\/4&Prime;][\/vc_column_inner][vc_column_inner width=\u00a0\u00bb1\/2&Prime;][vc_column_text] Con un par Con un par de Bodegas Gand\u00eda Technique : s\u00e9rigraphie au vernis gaufr\u00e9 sur papier mat de neige [\/vc_column_text][\/vc_column_inner][vc_column_inner width=\u00a0\u00bb1\/4&Prime;][\/vc_column_inner][\/vc_row_inner][\/vc_column][\/vc_row][vc_row][vc_column][vc_single_image image=\u00a0\u00bb2870&Prime; img_size=\u00a0\u00bbfull\u00a0\u00bb alignment=\u00a0\u00bbcenter\u00a0\u00bb][\/vc_column][\/vc_row]<\/p>\n","protected":false},"author":2,"featured_media":2870,"comment_status":"closed","ping_status":"closed","template":"","dt_portfolio_category":[32,36,22],"dt_portfolio_tags":[],"yst_prominent_words":[],"class_list":["post-2873","dt_portfolio","type-dt_portfolio","status-publish","has-post-thumbnail","hentry","dt_portfolio_category-relief","dt_portfolio_category-serigraphie","dt_portfolio_category-vernis-selectif","dt_portfolio_category-32","dt_portfolio_category-36","dt_portfolio_category-22","description-off"],"acf":[],"_links":{"self":[{"href":"https:\/\/www.grupoargraf.com\/fr\/wp-json\/wp\/v2\/dt_portfolio\/2873","targetHints":{"allow":["GET"]}}],"collection":[{"href":"https:\/\/www.grupoargraf.com\/fr\/wp-json\/wp\/v2\/dt_portfolio"}],"about":[{"href":"https:\/\/www.grupoargraf.com\/fr\/wp-json\/wp\/v2\/types\/dt_portfolio"}],"author":[{"embeddable":true,"href":"https:\/\/www.grupoargraf.com\/fr\/wp-json\/wp\/v2\/users\/2"}],"replies":[{"embeddable":true,"href":"https:\/\/www.grupoargraf.com\/fr\/wp-json\/wp\/v2\/comments?post=2873"}],"version-history":[{"count":0,"href":"https:\/\/www.grupoargraf.com\/fr\/wp-json\/wp\/v2\/dt_portfolio\/2873\/revisions"}],"wp:featuredmedia":[{"embeddable":true,"href":"https:\/\/www.grupoargraf.com\/fr\/wp-json\/wp\/v2\/media\/2870"}],"wp:attachment":[{"href":"https:\/\/www.grupoargraf.com\/fr\/wp-json\/wp\/v2\/media?parent=2873"}],"wp:term":[{"taxonomy":"dt_portfolio_category","embeddable":true,"href":"https:\/\/www.grupoargraf.com\/fr\/wp-json\/wp\/v2\/dt_portfolio_category?post=2873"},{"taxonomy":"dt_portfolio_tags","embeddable":true,"href":"https:\/\/www.grupoargraf.com\/fr\/wp-json\/wp\/v2\/dt_portfolio_tags?post=2873"},{"taxonomy":"yst_prominent_words","embeddable":true,"href":"https:\/\/www.grupoargraf.com\/fr\/wp-json\/wp\/v2\/yst_prominent_words?post=2873"}],"curies":[{"name":"wp","href":"https:\/\/api.w.org\/{rel}","templated":true}]}}

<div class="wpb-content-wrapper"><p>[vc_row][vc_column][vc_row_inner][vc_column_inner width= »1/4&Prime;][/vc_column_inner][vc_column_inner width= »1/2&Prime;][vc_column_text]</p>
<h1 style="text-align: center;">Con un par</h1>
<p style="text-align: center;">Con un par de Bodegas Gandía</p>
<p style="text-align: center;">Technique : sérigraphie au vernis gaufré sur papier mat de neige</p>
<p>[/vc_column_text][/vc_column_inner][vc_column_inner width= »1/4&Prime;][/vc_column_inner][/vc_row_inner][/vc_column][/vc_row][vc_row][vc_column][vc_single_image image= »2870&Prime; img_size= »full » alignment= »center »][/vc_column][/vc_row]</p>
</div>

<p>[vc_row][vc_column][vc_row_inner][vc_column_inner width= »1/4&Prime;][/vc_column_inner][vc_column_inner width= »1/2&Prime;][vc_column_text] Con un par Con un par de Bodegas Gandía Technique : sérigraphie au vernis gaufré sur papier mat de neige [/vc_column_text][/vc_column_inner][vc_column_inner width= »1/4&Prime;][/vc_column_inner][/vc_row_inner][/vc_column][/vc_row][vc_row][vc_column][vc_single_image image= »2870&Prime; img_size= »full » alignment= »center »][/vc_column][/vc_row]</p>
