{"id":4409,"date":"2019-10-15T18:23:01","date_gmt":"2019-10-15T16:23:01","guid":{"rendered":"https:\/\/www.grupoargraf.com\/politica-privacidad\/"},"modified":"2023-03-15T16:20:36","modified_gmt":"2023-03-15T15:20:36","slug":"politica-de-privadesa","status":"publish","type":"page","link":"https:\/\/www.grupoargraf.com\/ca\/politica-de-privadesa\/","title":{"rendered":"Pol\u00edtica de privadesa"},"content":{"rendered":"<div class=\"wpb-content-wrapper\"><p>[vc_row][vc_column][vc_column_text]<\/p>\n<div class=\"vc_row wpb_row vc_row-fluid\">\n<div class=\"wpb_column vc_column_container vc_col-sm-12\">\n<div class=\"vc_column-inner\">\n<div class=\"wpb_wrapper\">\n<div class=\"wpb_text_column wpb_content_element \">\n<div class=\"wpb_wrapper\">\n<h1 style=\"text-align: center;\">Pol\u00edtica de privadesa<\/h1>\n<\/div>\n<\/div>\n<\/div>\n<\/div>\n<\/div>\n<\/div>\n<p>[\/vc_column_text][\/vc_column][\/vc_row][vc_row][vc_column][vc_column_text]<strong>Pol\u00edtica de privadesa<\/strong><\/p>\n<p>Aquesta p\u00e0gina Web \u00e9s titularitat de GRUP ARGRAF S.A., les dades d&#8217;identificaci\u00f3 de les quals s\u00f3n les seg\u00fcents:<\/p>\n<p>&#8211; DIRECCION: Avinguda de Navarra, 36, Oy\u00f3n, \u00c0laba.<\/p>\n<p>&#8211; REGISTRE MERCANTIL D&#8217;ALAVA, Tom 1009, Foli 4, Full VI-461, Inscripci\u00f3 23<\/p>\n<p>&#8211; CIF: A01014794<\/p>\n<p>&#8211; TEL\u00c8FON \/ EMAIL DE CONTACTE:.945601653 \/ <a href=\"mailto:comercial.argraf@grupoargraf.com\">comercial.argraf@grupoargraf.com<\/a><\/p>\n<p>&nbsp;<\/p>\n<p><strong>1. INFORMACI\u00d3 I CONSENTIMENT<\/strong><\/p>\n<p>Mitjan\u00e7ant l&#8217;acceptaci\u00f3 de la present Pol\u00edtica de Privadesa, l&#8217;Usuari queda informat i presta el seu consentiment lliure, informat, espec\u00edfic i inequ\u00edvoc perqu\u00e8 les dades personals que faciliti a trav\u00e9s d&#8217;aquesta p\u00e0gina Web (d&#8217;ara endavant, el Lloc Web) siguin tractades per GRUP ARGRAF.<\/p>\n<p><strong>2.OBLIGATORIETAT DE FACILITAR LES DADES<\/strong><\/p>\n<p>Les dades sol\u00b7licitades als formularis de la Web s\u00f3n amb car\u00e0cter general, obligat\u00f2ries (llevat que al camp requerit s&#8217;especifiqui el contrari) per complir amb les finalitats establertes. Per tant, si no es faciliten o no es faciliten correctament no es podran atendre, sense perjudici que podr\u00e0 visualitzar lliurement el contingut del Lloc Web.<\/p>\n<p><strong>3. AMB QUINA FINALITAT ES TRACTAR\u00c1 LES DADES PERSONALS DE L&#8217;USUARI I DURANT QUANT TEMPS?<\/strong><\/p>\n<p>Les dades personals facilitades a trav\u00e9s del Lloc Web seran tractades per GRUP ARGRAF d&#8217;acord amb les finalitats seg\u00fcents:<\/p>\n<p>&#8211; Gestionar, tramitar i donar resposta a peticions, sol\u00b7licituds, incid\u00e8ncies o consultes de l&#8217;Usuari, quan aquest faciliti les vostres dades a trav\u00e9s del formulari \u201cContacte\u201d. Les dades de l&#8217;Usuari seran conservades a aquest efecte fins que aquest s&#8217;oposi o revoqui el seu consentiment.<\/p>\n<p>&#8211; Remetre peri\u00f2dicament als Usuaris, fins i tot per mitjans electr\u00f2nics, comunicacions comercials, relacionades amb productes, serveis, promocions, ofertes, esdeveniments o not\u00edcies que puguin resultar del vostre inter\u00e8s, si l&#8217;Usuari d\u00f3na el seu consentiment marcant la casella de verificaci\u00f3 corresponent, oa si escau, se n&#8217;oposi o revoqui el consentiment.<\/p>\n<p><strong>4.QUINES DADES DE L&#8217;USUARI ES TRACTARAN?<\/strong><\/p>\n<p>GRUP ARGRAF tractar\u00e0 les categories de dades seg\u00fcents de l&#8217;Usuari:<\/p>\n<p>&#8211; Dades identificatives: nom, cognoms i DNI.<\/p>\n<p>&#8211; Dades de contacte: adre\u00e7a postal, adre\u00e7a de correu electr\u00f2nic i tel\u00e8fon.<\/p>\n<p>&#8211; Dades de facturaci\u00f3<\/p>\n<p><strong>5. QUINA \u00c9S LA LEGITIMACI\u00d3 DEL TRACTAMENT DE LES DADES DE L&#8217;USUARI?<\/strong><\/p>\n<p>El tractament de les dades de l&#8217;Usuari per part de GRUP ARGRAF est\u00e0 basat en el consentiment que se us demana i que podeu retirar en qualsevol moment. Aix\u00f2 no obstant, en cas de retirar-ne el consentiment, aix\u00f2 no afectar\u00e0 la licitud dels tractaments efectuats amb anterioritat.<\/p>\n<p>Els consentiments obtinguts per a les finalitats esmentades s\u00f3n independents per la qual cosa l&#8217;Usuari podr\u00e0 revocar-ne nom\u00e9s un no afectant els altres.<\/p>\n<p><strong>6. A QUINS DESTINATARIS ES COMUNICARAN LES DADES DE L&#8217;USUARI?<\/strong><\/p>\n<p>Les dades de l&#8217;Usuari no seran comunicades a cap altra empresa, excepte obligaci\u00f3 legal.<\/p>\n<p><strong>7. RESPONSABILITAT DE L&#8217;USUARI<\/strong><\/p>\n<p>L&#8217;Usuari:<\/p>\n<p>&#8211; Garanteix que \u00e9s major de 18 anys i que les dades que facilita a GRUP ARGRAF s\u00f3n veritables, exactes, completes i actualitzades. A aquests efectes, l&#8217;Usuari respon de la veracitat de totes les dades que comuniqui i mantindr\u00e0 convenientment actualitzada la informaci\u00f3 facilitada, de manera que respongui a la seva situaci\u00f3 real.<\/p>\n<p>&#8211; Ser\u00e0 responsable de les informacions falses o inexactes que proporcioni a trav\u00e9s del Lloc Web i dels danys i perjudicis, directes o indirectes, que aix\u00f2 causi a GRUP ARGRAF oa tercers.<\/p>\n<p><strong>8. COMUNICACIONS COMERCIALS I PROMOCIONALS<\/strong><\/p>\n<p>Una de les finalitats per a les quals GRUP ARGRAF tracta les dades personals proporcionades per part dels Usuaris \u00e9s per remetre&#8217;ls comunicacions electr\u00f2niques amb informaci\u00f3 relativa a productes, serveis, promocions, ofertes, esdeveniments o not\u00edcies rellevants per als Usuaris.<\/p>\n<p>En cas que l&#8217;usuari vulgui deixar de rebre comunicacions comercials o promocionals per part de GRUPO ARGRAF pot sol\u00b7licitar la baixa del servei enviant un email a la seg\u00fcent adre\u00e7a de correu electr\u00f2nic: rrhh@grupoargraf.com<\/p>\n<p><strong>9. EXERCICI DE DRETS<\/strong><\/p>\n<p>L&#8217;Usuari pot enviar un escrit en qualsevol moment i de forma gratu\u00efta a GRUPO ARGRAF a Avenida de Navarra 36, \u200b\u200badjuntant fotoc\u00f2pia del vostre document d&#8217;identitat, per sol\u00b7licitar els vostres drets d&#8217;acc\u00e9s, rectificaci\u00f3, supressi\u00f3, oposici\u00f3, limitaci\u00f3, portabilitat de les vostres dades.<\/p>\n<p>A m\u00e9s, pot reclamar davant l&#8217;Ag\u00e8ncia Espanyola de Protecci\u00f3 de Dades, a trav\u00e9s de la seg\u00fcent adre\u00e7a: Ag\u00e8ncia Espanyola de Protecci\u00f3 de Dades, C\/ Jorge Juan, 6, 28001-Madrid, quan l&#8217;interessat consideri que GRUP ARGRAF ha vulnerat els drets que li s\u00f3n reconeguts per la normativa aplicable en protecci\u00f3 de dades.<\/p>\n<p>Sense perjudici de l&#8217;anterior, l&#8217;interessat es podr\u00e0 posar en contacte amb el delegat de protecci\u00f3 de dades de GRUP ARGRAF<\/p>\n<p><strong>10. MESURES DE SEGURETAT<\/strong><\/p>\n<p>GRUP ARGRAF tractar\u00e0 les dades de l&#8217;Usuari en tot moment de forma absolutament confidencial i guardar\u00e0 el preceptiu deure de secret respecte d&#8217;aquests, de conformitat amb all\u00f2 previst a la normativa d&#8217;aplicaci\u00f3, adoptant a aquest efecte les mesures d&#8217;\u00edndole t\u00e8cnica i organitzatives necess\u00e0ries que garanteixin la seguretat de les seves dades i evitin la seva alteraci\u00f3, p\u00e8rdua, tractament o acc\u00e9s no autoritzat, tenint en compte l&#8217;estat de la tecnologia, la naturalesa de les dades emmagatzemades i els riscos a qu\u00e8 estan exposats.[\/vc_column_text][\/vc_column][\/vc_row]<\/p>\n<\/div>","protected":false},"excerpt":{"rendered":"<p>[vc_row][vc_column][vc_column_text] Pol\u00edtica de privadesa [\/vc_column_text][\/vc_column][\/vc_row][vc_row][vc_column][vc_column_text]Pol\u00edtica de privadesa Aquesta p\u00e0gina Web \u00e9s titularitat de GRUP ARGRAF S.A., les dades d&#8217;identificaci\u00f3 de les quals s\u00f3n les seg\u00fcents: &#8211; DIRECCION: Avinguda de Navarra, 36, Oy\u00f3n, \u00c0laba. &#8211; REGISTRE MERCANTIL D&#8217;ALAVA, Tom 1009, Foli 4, Full VI-461, Inscripci\u00f3 23 &#8211; CIF: A01014794 &#8211; TEL\u00c8FON \/ EMAIL DE CONTACTE:.945601653 \/&hellip;<\/p>\n","protected":false},"author":2,"featured_media":0,"parent":0,"menu_order":0,"comment_status":"closed","ping_status":"open","template":"","meta":{"_acf_changed":false,"footnotes":""},"yst_prominent_words":[131],"class_list":["post-4409","page","type-page","status-publish","hentry","description-off"],"acf":[],"_links":{"self":[{"href":"https:\/\/www.grupoargraf.com\/ca\/wp-json\/wp\/v2\/pages\/4409","targetHints":{"allow":["GET"]}}],"collection":[{"href":"https:\/\/www.grupoargraf.com\/ca\/wp-json\/wp\/v2\/pages"}],"about":[{"href":"https:\/\/www.grupoargraf.com\/ca\/wp-json\/wp\/v2\/types\/page"}],"author":[{"embeddable":true,"href":"https:\/\/www.grupoargraf.com\/ca\/wp-json\/wp\/v2\/users\/2"}],"replies":[{"embeddable":true,"href":"https:\/\/www.grupoargraf.com\/ca\/wp-json\/wp\/v2\/comments?post=4409"}],"version-history":[{"count":0,"href":"https:\/\/www.grupoargraf.com\/ca\/wp-json\/wp\/v2\/pages\/4409\/revisions"}],"wp:attachment":[{"href":"https:\/\/www.grupoargraf.com\/ca\/wp-json\/wp\/v2\/media?parent=4409"}],"wp:term":[{"taxonomy":"yst_prominent_words","embeddable":true,"href":"https:\/\/www.grupoargraf.com\/ca\/wp-json\/wp\/v2\/yst_prominent_words?post=4409"}],"curies":[{"name":"wp","href":"https:\/\/api.w.org\/{rel}","templated":true}]}}

Política de privadesa

<div class="wpb-content-wrapper"><p>[vc_row][vc_column][vc_column_text]</p>
<div class="vc_row wpb_row vc_row-fluid">
<div class="wpb_column vc_column_container vc_col-sm-12">
<div class="vc_column-inner">
<div class="wpb_wrapper">
<div class="wpb_text_column wpb_content_element ">
<div class="wpb_wrapper">
<h1 style="text-align: center;">Política de privadesa</h1>
</div>
</div>
</div>
</div>
</div>
</div>
<p>[/vc_column_text][/vc_column][/vc_row][vc_row][vc_column][vc_column_text]<strong>Política de privadesa</strong></p>
<p>Aquesta pàgina Web és titularitat de GRUP ARGRAF S.A., les dades d&#8217;identificació de les quals són les següents:</p>
<p>&#8211; DIRECCION: Avinguda de Navarra, 36, Oyón, Àlaba.</p>
<p>&#8211; REGISTRE MERCANTIL D&#8217;ALAVA, Tom 1009, Foli 4, Full VI-461, Inscripció 23</p>
<p>&#8211; CIF: A01014794</p>
<p>&#8211; TELÈFON / EMAIL DE CONTACTE:.945601653 / <a href="mailto:comercial.argraf@grupoargraf.com">comercial.argraf@grupoargraf.com</a></p>
<p>&nbsp;</p>
<p><strong>1. INFORMACIÓ I CONSENTIMENT</strong></p>
<p>Mitjançant l&#8217;acceptació de la present Política de Privadesa, l&#8217;Usuari queda informat i presta el seu consentiment lliure, informat, específic i inequívoc perquè les dades personals que faciliti a través d&#8217;aquesta pàgina Web (d&#8217;ara endavant, el Lloc Web) siguin tractades per GRUP ARGRAF.</p>
<p><strong>2.OBLIGATORIETAT DE FACILITAR LES DADES</strong></p>
<p>Les dades sol·licitades als formularis de la Web són amb caràcter general, obligatòries (llevat que al camp requerit s&#8217;especifiqui el contrari) per complir amb les finalitats establertes. Per tant, si no es faciliten o no es faciliten correctament no es podran atendre, sense perjudici que podrà visualitzar lliurement el contingut del Lloc Web.</p>
<p><strong>3. AMB QUINA FINALITAT ES TRACTARÁ LES DADES PERSONALS DE L&#8217;USUARI I DURANT QUANT TEMPS?</strong></p>
<p>Les dades personals facilitades a través del Lloc Web seran tractades per GRUP ARGRAF d&#8217;acord amb les finalitats següents:</p>
<p>&#8211; Gestionar, tramitar i donar resposta a peticions, sol·licituds, incidències o consultes de l&#8217;Usuari, quan aquest faciliti les vostres dades a través del formulari “Contacte”. Les dades de l&#8217;Usuari seran conservades a aquest efecte fins que aquest s&#8217;oposi o revoqui el seu consentiment.</p>
<p>&#8211; Remetre periòdicament als Usuaris, fins i tot per mitjans electrònics, comunicacions comercials, relacionades amb productes, serveis, promocions, ofertes, esdeveniments o notícies que puguin resultar del vostre interès, si l&#8217;Usuari dóna el seu consentiment marcant la casella de verificació corresponent, oa si escau, se n&#8217;oposi o revoqui el consentiment.</p>
<p><strong>4.QUINES DADES DE L&#8217;USUARI ES TRACTARAN?</strong></p>
<p>GRUP ARGRAF tractarà les categories de dades següents de l&#8217;Usuari:</p>
<p>&#8211; Dades identificatives: nom, cognoms i DNI.</p>
<p>&#8211; Dades de contacte: adreça postal, adreça de correu electrònic i telèfon.</p>
<p>&#8211; Dades de facturació</p>
<p><strong>5. QUINA ÉS LA LEGITIMACIÓ DEL TRACTAMENT DE LES DADES DE L&#8217;USUARI?</strong></p>
<p>El tractament de les dades de l&#8217;Usuari per part de GRUP ARGRAF està basat en el consentiment que se us demana i que podeu retirar en qualsevol moment. Això no obstant, en cas de retirar-ne el consentiment, això no afectarà la licitud dels tractaments efectuats amb anterioritat.</p>
<p>Els consentiments obtinguts per a les finalitats esmentades són independents per la qual cosa l&#8217;Usuari podrà revocar-ne només un no afectant els altres.</p>
<p><strong>6. A QUINS DESTINATARIS ES COMUNICARAN LES DADES DE L&#8217;USUARI?</strong></p>
<p>Les dades de l&#8217;Usuari no seran comunicades a cap altra empresa, excepte obligació legal.</p>
<p><strong>7. RESPONSABILITAT DE L&#8217;USUARI</strong></p>
<p>L&#8217;Usuari:</p>
<p>&#8211; Garanteix que és major de 18 anys i que les dades que facilita a GRUP ARGRAF són veritables, exactes, completes i actualitzades. A aquests efectes, l&#8217;Usuari respon de la veracitat de totes les dades que comuniqui i mantindrà convenientment actualitzada la informació facilitada, de manera que respongui a la seva situació real.</p>
<p>&#8211; Serà responsable de les informacions falses o inexactes que proporcioni a través del Lloc Web i dels danys i perjudicis, directes o indirectes, que això causi a GRUP ARGRAF oa tercers.</p>
<p><strong>8. COMUNICACIONS COMERCIALS I PROMOCIONALS</strong></p>
<p>Una de les finalitats per a les quals GRUP ARGRAF tracta les dades personals proporcionades per part dels Usuaris és per remetre&#8217;ls comunicacions electròniques amb informació relativa a productes, serveis, promocions, ofertes, esdeveniments o notícies rellevants per als Usuaris.</p>
<p>En cas que l&#8217;usuari vulgui deixar de rebre comunicacions comercials o promocionals per part de GRUPO ARGRAF pot sol·licitar la baixa del servei enviant un email a la següent adreça de correu electrònic: rrhh@grupoargraf.com</p>
<p><strong>9. EXERCICI DE DRETS</strong></p>
<p>L&#8217;Usuari pot enviar un escrit en qualsevol moment i de forma gratuïta a GRUPO ARGRAF a Avenida de Navarra 36, ​​adjuntant fotocòpia del vostre document d&#8217;identitat, per sol·licitar els vostres drets d&#8217;accés, rectificació, supressió, oposició, limitació, portabilitat de les vostres dades.</p>
<p>A més, pot reclamar davant l&#8217;Agència Espanyola de Protecció de Dades, a través de la següent adreça: Agència Espanyola de Protecció de Dades, C/ Jorge Juan, 6, 28001-Madrid, quan l&#8217;interessat consideri que GRUP ARGRAF ha vulnerat els drets que li són reconeguts per la normativa aplicable en protecció de dades.</p>
<p>Sense perjudici de l&#8217;anterior, l&#8217;interessat es podrà posar en contacte amb el delegat de protecció de dades de GRUP ARGRAF</p>
<p><strong>10. MESURES DE SEGURETAT</strong></p>
<p>GRUP ARGRAF tractarà les dades de l&#8217;Usuari en tot moment de forma absolutament confidencial i guardarà el preceptiu deure de secret respecte d&#8217;aquests, de conformitat amb allò previst a la normativa d&#8217;aplicació, adoptant a aquest efecte les mesures d&#8217;índole tècnica i organitzatives necessàries que garanteixin la seguretat de les seves dades i evitin la seva alteració, pèrdua, tractament o accés no autoritzat, tenint en compte l&#8217;estat de la tecnologia, la naturalesa de les dades emmagatzemades i els riscos a què estan exposats.[/vc_column_text][/vc_column][/vc_row]</p>
</div>

<p>[vc_row][vc_column][vc_column_text] Política de privadesa [/vc_column_text][/vc_column][/vc_row][vc_row][vc_column][vc_column_text]Política de privadesa Aquesta pàgina Web és titularitat de GRUP ARGRAF S.A., les dades d&#8217;identificació de les quals són les següents: &#8211; DIRECCION: Avinguda de Navarra, 36, Oyón, Àlaba. &#8211; REGISTRE MERCANTIL D&#8217;ALAVA, Tom 1009, Foli 4, Full VI-461, Inscripció 23 &#8211; CIF: A01014794 &#8211; TELÈFON / EMAIL DE CONTACTE:.945601653 /&hellip;</p>
