{"id":4053,"date":"2022-03-08T11:02:41","date_gmt":"2022-03-08T10:02:41","guid":{"rendered":"https:\/\/www.grupoargraf.com\/project\/decenio-de-bodegas-las-orcas\/"},"modified":"2023-03-07T15:34:19","modified_gmt":"2023-03-07T14:34:19","slug":"decenio-de-bodegas-las-orcas","status":"publish","type":"dt_portfolio","link":"https:\/\/www.grupoargraf.com\/ca\/projecte\/decenio-de-bodegas-las-orcas\/","title":{"rendered":"\u2018Decenio\u2019 de Bodegas Las Orcas"},"content":{"rendered":"<div class=\"wpb-content-wrapper\"><p>[vc_row][vc_column][vc_row_inner][vc_column_inner width=&#8221;1\/4&#8243;][\/vc_column_inner][vc_column_inner width=&#8221;1\/2&#8243;][vc_column_text]<\/p>\n<h1 style=\"text-align: center;\">\u2018Decenio\u2019 de Bodegas Las Orcas<\/h1>\n<p style=\"text-align: center;\">T\u00e8cnica: Estampaci\u00f3 vermell o estampaci\u00f3 or + vern\u00eds relleu serigr\u00e0fic i clavat sobre Cotone Bianco.<\/p>\n<p>[\/vc_column_text][\/vc_column_inner][vc_column_inner width=&#8221;1\/4&#8243;][\/vc_column_inner][\/vc_row_inner][\/vc_column][\/vc_row][vc_row][vc_column][vc_single_image image=&#8221;4054&#8243; img_size=&#8221;full&#8221; alignment=&#8221;center&#8221;][\/vc_column][\/vc_row]<\/p>\n<\/div>","protected":false},"excerpt":{"rendered":"<p>[vc_row][vc_column][vc_row_inner][vc_column_inner width=&#8221;1\/4&#8243;][\/vc_column_inner][vc_column_inner width=&#8221;1\/2&#8243;][vc_column_text] \u2018Decenio\u2019 de Bodegas Las Orcas T\u00e8cnica: Estampaci\u00f3 vermell o estampaci\u00f3 or + vern\u00eds relleu serigr\u00e0fic i clavat sobre Cotone Bianco. [\/vc_column_text][\/vc_column_inner][vc_column_inner width=&#8221;1\/4&#8243;][\/vc_column_inner][\/vc_row_inner][\/vc_column][\/vc_row][vc_row][vc_column][vc_single_image image=&#8221;4054&#8243; img_size=&#8221;full&#8221; alignment=&#8221;center&#8221;][\/vc_column][\/vc_row]<\/p>\n","protected":false},"author":2,"featured_media":4054,"comment_status":"closed","ping_status":"closed","template":"","dt_portfolio_category":[5,342,284],"dt_portfolio_tags":[],"yst_prominent_words":[],"class_list":["post-4053","dt_portfolio","type-dt_portfolio","status-publish","has-post-thumbnail","hentry","dt_portfolio_category-barniz-selectivo","dt_portfolio_category-estampacion","dt_portfolio_category-relleu-serigrafiat","dt_portfolio_category-5","dt_portfolio_category-342","dt_portfolio_category-284","description-off"],"acf":[],"_links":{"self":[{"href":"https:\/\/www.grupoargraf.com\/ca\/wp-json\/wp\/v2\/dt_portfolio\/4053","targetHints":{"allow":["GET"]}}],"collection":[{"href":"https:\/\/www.grupoargraf.com\/ca\/wp-json\/wp\/v2\/dt_portfolio"}],"about":[{"href":"https:\/\/www.grupoargraf.com\/ca\/wp-json\/wp\/v2\/types\/dt_portfolio"}],"author":[{"embeddable":true,"href":"https:\/\/www.grupoargraf.com\/ca\/wp-json\/wp\/v2\/users\/2"}],"replies":[{"embeddable":true,"href":"https:\/\/www.grupoargraf.com\/ca\/wp-json\/wp\/v2\/comments?post=4053"}],"version-history":[{"count":0,"href":"https:\/\/www.grupoargraf.com\/ca\/wp-json\/wp\/v2\/dt_portfolio\/4053\/revisions"}],"wp:featuredmedia":[{"embeddable":true,"href":"https:\/\/www.grupoargraf.com\/ca\/wp-json\/wp\/v2\/media\/4054"}],"wp:attachment":[{"href":"https:\/\/www.grupoargraf.com\/ca\/wp-json\/wp\/v2\/media?parent=4053"}],"wp:term":[{"taxonomy":"dt_portfolio_category","embeddable":true,"href":"https:\/\/www.grupoargraf.com\/ca\/wp-json\/wp\/v2\/dt_portfolio_category?post=4053"},{"taxonomy":"dt_portfolio_tags","embeddable":true,"href":"https:\/\/www.grupoargraf.com\/ca\/wp-json\/wp\/v2\/dt_portfolio_tags?post=4053"},{"taxonomy":"yst_prominent_words","embeddable":true,"href":"https:\/\/www.grupoargraf.com\/ca\/wp-json\/wp\/v2\/yst_prominent_words?post=4053"}],"curies":[{"name":"wp","href":"https:\/\/api.w.org\/{rel}","templated":true}]}}

<div class="wpb-content-wrapper"><p>[vc_row][vc_column][vc_row_inner][vc_column_inner width=&#8221;1/4&#8243;][/vc_column_inner][vc_column_inner width=&#8221;1/2&#8243;][vc_column_text]</p>
<h1 style="text-align: center;">‘Decenio’ de Bodegas Las Orcas</h1>
<p style="text-align: center;">Tècnica: Estampació vermell o estampació or + vernís relleu serigràfic i clavat sobre Cotone Bianco.</p>
<p>[/vc_column_text][/vc_column_inner][vc_column_inner width=&#8221;1/4&#8243;][/vc_column_inner][/vc_row_inner][/vc_column][/vc_row][vc_row][vc_column][vc_single_image image=&#8221;4054&#8243; img_size=&#8221;full&#8221; alignment=&#8221;center&#8221;][/vc_column][/vc_row]</p>
</div>

<p>[vc_row][vc_column][vc_row_inner][vc_column_inner width=&#8221;1/4&#8243;][/vc_column_inner][vc_column_inner width=&#8221;1/2&#8243;][vc_column_text] ‘Decenio’ de Bodegas Las Orcas Tècnica: Estampació vermell o estampació or + vernís relleu serigràfic i clavat sobre Cotone Bianco. [/vc_column_text][/vc_column_inner][vc_column_inner width=&#8221;1/4&#8243;][/vc_column_inner][/vc_row_inner][/vc_column][/vc_row][vc_row][vc_column][vc_single_image image=&#8221;4054&#8243; img_size=&#8221;full&#8221; alignment=&#8221;center&#8221;][/vc_column][/vc_row]</p>
