{"id":4027,"date":"2022-07-05T09:28:26","date_gmt":"2022-07-05T07:28:26","guid":{"rendered":"https:\/\/www.grupoargraf.com\/project\/bodegas-finca-la-capellania\/"},"modified":"2023-03-07T15:27:53","modified_gmt":"2023-03-07T14:27:53","slug":"bodegas-finca-la-capellania","status":"publish","type":"dt_portfolio","link":"https:\/\/www.grupoargraf.com\/ca\/projecte\/bodegas-finca-la-capellania\/","title":{"rendered":"Bodegas Finca La Capellan\u00eda"},"content":{"rendered":"<div class=\"wpb-content-wrapper\"><p>[vc_row][vc_column][vc_row_inner][vc_column_inner width=&#8221;1\/4&#8243;][\/vc_column_inner][vc_column_inner width=&#8221;1\/2&#8243;][vc_column_text]<\/p>\n<h1 style=\"text-align: center;\">Bodegas Finca La Capellan\u00eda<\/h1>\n<p style=\"text-align: center;\">Disseny: Crea3publicidad.<\/p>\n<p style=\"text-align: center;\">T\u00e8cnica: Estampaci\u00f3 negre, estampaci\u00f3 or, relleu cop sec i vern\u00eds relleu serigr\u00e0fic a Papel Cotton Extra White.<\/p>\n<p>[\/vc_column_text][\/vc_column_inner][vc_column_inner width=&#8221;1\/4&#8243;][\/vc_column_inner][\/vc_row_inner][\/vc_column][\/vc_row][vc_row][vc_column][vc_single_image image=&#8221;4028&#8243; img_size=&#8221;full&#8221; alignment=&#8221;center&#8221;][vc_single_image image=&#8221;4030&#8243; img_size=&#8221;full&#8221; alignment=&#8221;center&#8221;][\/vc_column][\/vc_row]<\/p>\n<\/div>","protected":false},"excerpt":{"rendered":"<p>[vc_row][vc_column][vc_row_inner][vc_column_inner width=&#8221;1\/4&#8243;][\/vc_column_inner][vc_column_inner width=&#8221;1\/2&#8243;][vc_column_text] Bodegas Finca La Capellan\u00eda Disseny: Crea3publicidad. T\u00e8cnica: Estampaci\u00f3 negre, estampaci\u00f3 or, relleu cop sec i vern\u00eds relleu serigr\u00e0fic a Papel Cotton Extra White. [\/vc_column_text][\/vc_column_inner][vc_column_inner width=&#8221;1\/4&#8243;][\/vc_column_inner][\/vc_row_inner][\/vc_column][\/vc_row][vc_row][vc_column][vc_single_image image=&#8221;4028&#8243; img_size=&#8221;full&#8221; alignment=&#8221;center&#8221;][vc_single_image image=&#8221;4030&#8243; img_size=&#8221;full&#8221; alignment=&#8221;center&#8221;][\/vc_column][\/vc_row]<\/p>\n","protected":false},"author":2,"featured_media":4028,"comment_status":"closed","ping_status":"closed","template":"","dt_portfolio_category":[5,342,6,11,12],"dt_portfolio_tags":[],"yst_prominent_words":[],"class_list":["post-4027","dt_portfolio","type-dt_portfolio","status-publish","has-post-thumbnail","hentry","dt_portfolio_category-barniz-selectivo","dt_portfolio_category-estampacion","dt_portfolio_category-golpe-en-seco","dt_portfolio_category-relieve","dt_portfolio_category-relieve-serigrafico","dt_portfolio_category-5","dt_portfolio_category-342","dt_portfolio_category-6","dt_portfolio_category-11","dt_portfolio_category-12","description-off"],"acf":[],"_links":{"self":[{"href":"https:\/\/www.grupoargraf.com\/ca\/wp-json\/wp\/v2\/dt_portfolio\/4027","targetHints":{"allow":["GET"]}}],"collection":[{"href":"https:\/\/www.grupoargraf.com\/ca\/wp-json\/wp\/v2\/dt_portfolio"}],"about":[{"href":"https:\/\/www.grupoargraf.com\/ca\/wp-json\/wp\/v2\/types\/dt_portfolio"}],"author":[{"embeddable":true,"href":"https:\/\/www.grupoargraf.com\/ca\/wp-json\/wp\/v2\/users\/2"}],"replies":[{"embeddable":true,"href":"https:\/\/www.grupoargraf.com\/ca\/wp-json\/wp\/v2\/comments?post=4027"}],"version-history":[{"count":0,"href":"https:\/\/www.grupoargraf.com\/ca\/wp-json\/wp\/v2\/dt_portfolio\/4027\/revisions"}],"wp:featuredmedia":[{"embeddable":true,"href":"https:\/\/www.grupoargraf.com\/ca\/wp-json\/wp\/v2\/media\/4028"}],"wp:attachment":[{"href":"https:\/\/www.grupoargraf.com\/ca\/wp-json\/wp\/v2\/media?parent=4027"}],"wp:term":[{"taxonomy":"dt_portfolio_category","embeddable":true,"href":"https:\/\/www.grupoargraf.com\/ca\/wp-json\/wp\/v2\/dt_portfolio_category?post=4027"},{"taxonomy":"dt_portfolio_tags","embeddable":true,"href":"https:\/\/www.grupoargraf.com\/ca\/wp-json\/wp\/v2\/dt_portfolio_tags?post=4027"},{"taxonomy":"yst_prominent_words","embeddable":true,"href":"https:\/\/www.grupoargraf.com\/ca\/wp-json\/wp\/v2\/yst_prominent_words?post=4027"}],"curies":[{"name":"wp","href":"https:\/\/api.w.org\/{rel}","templated":true}]}}

Bodegas Finca La Capellanía

<div class="wpb-content-wrapper"><p>[vc_row][vc_column][vc_row_inner][vc_column_inner width=&#8221;1/4&#8243;][/vc_column_inner][vc_column_inner width=&#8221;1/2&#8243;][vc_column_text]</p>
<h1 style="text-align: center;">Bodegas Finca La Capellanía</h1>
<p style="text-align: center;">Disseny: Crea3publicidad.</p>
<p style="text-align: center;">Tècnica: Estampació negre, estampació or, relleu cop sec i vernís relleu serigràfic a Papel Cotton Extra White.</p>
<p>[/vc_column_text][/vc_column_inner][vc_column_inner width=&#8221;1/4&#8243;][/vc_column_inner][/vc_row_inner][/vc_column][/vc_row][vc_row][vc_column][vc_single_image image=&#8221;4028&#8243; img_size=&#8221;full&#8221; alignment=&#8221;center&#8221;][vc_single_image image=&#8221;4030&#8243; img_size=&#8221;full&#8221; alignment=&#8221;center&#8221;][/vc_column][/vc_row]</p>
</div>

<p>[vc_row][vc_column][vc_row_inner][vc_column_inner width=&#8221;1/4&#8243;][/vc_column_inner][vc_column_inner width=&#8221;1/2&#8243;][vc_column_text] Bodegas Finca La Capellanía Disseny: Crea3publicidad. Tècnica: Estampació negre, estampació or, relleu cop sec i vernís relleu serigràfic a Papel Cotton Extra White. [/vc_column_text][/vc_column_inner][vc_column_inner width=&#8221;1/4&#8243;][/vc_column_inner][/vc_row_inner][/vc_column][/vc_row][vc_row][vc_column][vc_single_image image=&#8221;4028&#8243; img_size=&#8221;full&#8221; alignment=&#8221;center&#8221;][vc_single_image image=&#8221;4030&#8243; img_size=&#8221;full&#8221; alignment=&#8221;center&#8221;][/vc_column][/vc_row]</p>
